umber?
False
Is 4627061 a composite number?
False
Is 209219009 a prime number?
False
Is 16813079 composite?
True
Is 180859541 prime?
True
Is 95143 a composite number?
False
Is 740966 a prime number?
False
Is 2043149 prime?
True
Is 7509133 prime?
False
Is 133134169 prime?
False
Is 8543347 a prime number?
True
Is 10844417 a prime number?
False
Is 299993 a prime number?
True
Is 7986439 composite?
False
Is 88477351 composite?
False
Is 77138647 prime?
True
Is 385061 a prime number?
False
Is 2295439 composite?
True
Is 9773813 a composite number?
True
Is 7371341 a prime number?
True
Is 329958829 a prime number?
True
Is 3297529 prime?
False
Is 680587 a prime number?
True
Is 107366719 composite?
False
Is 258946957 composite?
False
Is 28501327 prime?
True
Is 41160287 a composite number?
True
Is 1620090109 a prime number?
False
Is 2387219 composite?
True
Is 118596223 a composite number?
True
Is 819823 a prime number?
True
Is 214435057 prime?
False
Is 145428721 a composite number?
False
Is 379277111 composite?
False
Is 199337 a prime number?
True
Is 28945193 a composite number?
False
Is 12891446 composite?
True
Is 528706 a prime number?
False
Is 1898417 prime?
True
Is 7779427 composite?
False
Is 728330491 composite?
True
Is 72944567 prime?
False
Is 94170815 prime?
False
Is 1098247 a prime number?
False
Is 901781 composite?
False
Is 4412141 a prime number?
True
Is 20045083 composite?
True
Is 1072319 a composite number?
True
Is 3938039 a prime number?
False
Is 18072091 a prime number?
False
Is 4374829 a composite number?
False
Is 43973411 prime?
False
Is 418201367 a prime number?
False
Is 701797 a composite number?
True
Is 38401 composite?
True
Is 40075667 composite?
False
Is 5139601 a composite number?
False
Is 755443369 a prime number?
True
Is 225037 a composite number?
False
Is 1261487 prime?
True
Is 9340937 prime?
True
Is 505447493 composite?
True
Is 215660897 composite?
False
Is 13963193 composite?
False
Is 65167 a prime number?
True
Is 18559231 a prime number?
True
Is 14927867 a prime number?
True
Is 3394907 prime?
True
Is 303032603 composite?
False
Is 3057843 a prime number?
False
Is 408468953 prime?
True
Is 4778173 prime?
False
Is 81116069 a prime number?
True
Is 4435337 a prime number?
False
Is 271693 composite?
False
Is 115063211 prime?
False
Is 60448081 a prime number?
True
Is 52095341 a composite number?
False
Is 7772054 composite?
True
Is 6276007 a composite number?
True
Is 131783359 composite?
True
Is 143091359 prime?
False
Is 35871821 composite?
False
Is 10468443 a composite number?
True
Is 62942437 prime?
False
Is 6833249 composite?
True
Is 7847729 prime?
False
Is 11378723 a prime number?
False
Is 850305943 a prime number?
False
Is 16636993 a composite number?
False
Is 75307 a composite number?
False
Is 28779431 a prime number?
True
Is 60623417 a prime number?
True
Is 9219727 composite?
True
Is 39437477 composite?
True
Is 45142957 prime?
True
Is 14632287 composite?
True
Is 14691073 a composite number?
False
Is 655439 a prime number?
True
Is 114672461 composite?
False
Is 7247587 a prime number?
True
Is 284278013 a composite number?
True
Is 5147 a composite number?
False
Is 97876637 a composite number?
True
Is 726137 a composite number?
False
Is 135233 prime?
False
Is 789113734 a composite number?
True
Is 1456157 prime?
True
Is 1099669 prime?
True
Is 5226763 a prime number?
True
Is 36489589 composite?
True
Is 10310743 a composite number?
True
Is 24441803 a prime number?
False
Is 13759583 a composite number?
False
Is 122025451 composite?
True
Is 23482451 a composite number?
True
Is 380069309 composite?
False
Is 88212511 composite?
True
Is 33281 composite?
True
Is 5977649 a prime number?
True
Is 29208521 prime?
True
Is 66958849 prime?
False
Is 5153353 composite?
False
Is 305759 a prime number?
True
Is 229508803 composite?
False
Is 156053237 a composite number?
False
Is 16661977 a composite number?
True
Is 9870881 a composite number?
True
Is 3906137 a composite number?
False
Is 4571183 composite?
True
Is 4506109 a composite number?
False
Is 204575429 prime?
True
Is 3282671 a prime number?
False
Is 10034383 prime?
True
Is 1261571 composite?
False
Is 1996699 a composite number?
True
Is 37706239 a prime number?
True
Is 272442109 a prime number?
False
Is 6793951 a prime number?
True
Is 118550221 prime?
False
Is 1284373 prime?
True
Is 2083349 a prime number?
False
Is 95573427 a composite number?
True
Is 160038529 a prime number?
False
Is 1079896301 a composite number?
True
Is 79276291 a composite number?
True
Is 1422951979 a prime number?
True
Is 147119061 a composite number?
True
Is 20326133 a composite number?
True
Is 40073339 a composite number?
True
Is 85861751 a prime number?
True
Is 370490749 prime?
True
Is 6778729 prime?
False
Is 73677129 a composite number?
True
Is 176037889 prime?
False
Is 1025377 composite?
True
Is 27339983 prime?
False
Is 1053863 a composite number?
False
Is 93440671 composite?
False
Is 118720313 prime?
True
Is 14398177 a composite number?
False
Is 6240917 a prime number?
True
Is 30428971 composite?
True
Is 123811 composite?
True
Is 112548151 a composite number?
True
Is 4672301 a prime number?
True
Is 376623931 a prime number?
True
Is 11930767 prime?
False
Is 5637953 composite?
False
Is 199749551 a prime number?
True
Is 898361 composite?
False
Is 141026399 prime?
True
Is 3308177 a composite number?
True
Is 260273645 prime?
False
Is 49587457 composite?
False
Is 484639981 a prime number?
False
Is 880531 a composite number?
False
Is 47835341 a prime number?
True
Is 2908889 a prime number?
True
Is 827324787 a prime number?
False
Is 5228219 a composite number?
False
Is 42437119 a prime number?
True
Is 2246989 prime?
False
Is 5701873 a prime number?
True
Is 5373807 composite?
True
Is 19398191 a prime number?
True
Is 9537343 a composite number?
False
Is 2067554 a composite number?
True
Is 55356949 a prime number?
True
Is 57512959 composite?
True
Is 859393 a composite number?
False
Is 19711847 composite?
True
Is 7632993 prime?
False
Is 225574 prime?
False
Is 14035519 a prime number?
False
Is 11290339 composite?
True
Is 1624229 a composite number?
True
Is 1208209 prime?
True
Is 100374257 composite?
False
Is 320616677 a composite number?
True
Is 676924827 prime?
False
Is 38111267 composite?
True
Is 2304061 composite?
True
Is 9679867 composite?
True
Is 1152113 a prime number?
True
Is 209711 composite?
True
Is 50653369 a composite number?
True
Is 108139693 a prime number?
True
Is 8167655 a composite number?
True
Is 1588079 prime?
False
Is 464518 a composite number?
True
Is 86998103 composite?
False
Is 2258251 prime?
True
Is 33600419 composite?
False
Is 149665741 prime?
True
Is 3171893 composite?
False
Is 9948661 prime?
False
Is 289487 a composite number?
True
Is 1498213 prime?
True
Is 577093817 composite?
False
Is 57215162 a prime number?
False
Is 1806353 prime?
True
Is 6358613 a composite number?
False
Is 13705103 a prime number?
True
Is 13739539 prime?
False
Is 3900803 prime?
False
Is 1655999 a composite number?
False
Is 7815733 a composite number?
True
Is 34105033 prime?
False
Is 528502951 composite?
False
Is 54739667 a prime number?
False
Is 158918629 a prime number?
True
Is 12234262 a prime number?
False
Is 4393511 composite?
False
Is 6238051 a prime number?
True
Is 662059171 a composite number?
False
Is 77963 a prime number?
False
Is 225823811 a composite number?
False
Is 30186579 prime?
False
Is 7114486 a prime number?
False
Is 3441797 composite?
False
Is 23138861 a composite number?
True
Is 15629411 composite?
True
Is 1731359 composite?
True
Is 100223971 composite?
True
Is 58620589 a composite number?
False
Is 6184457 a composite number?
False
Is 3522707 composite?
True
Is 49537 a composite number?
False
Is 5336267 a composite number?
False
Is 12944039 composite?
False
Is 17924251 a composite number?
False
Is 35590859 a composite number?
True
Is 1612211 prime?
True
Is 540411 prime?
False
Is 27114257 prime?
True
Is 28829018 a prime number?
False
Is 53917427 a composite number?
False
Is 387532517 a composite number?
True
Is 60987671 a prime number?
True
Is 4116143 a prime number?
True
Is 39403769 composite?
False
Is 2181507 composite?
True
Is 2802238 a prime number?
False
Is 2506619 prime?
True
Is 16879169 prime?
True
Is 240